9 = 3*z. Does 19 divide z?
False
Let s = 34 + -36. Let t be s/4*8 + 3. Does 10 divide 3*(-10)/15 - (t - 64)?
False
Let v = 156 + -151. Suppose 0 = v*p - 2*r - 416, -82 = -p + 10*r - 9*r. Does 5 divide p?
False
Suppose q - p + 9 = 0, -q - 10 = p + 9. Is 47 a factor of 7 + (q - -6) + 189?
True
Suppose 5*t - 48*t = -11567. Does 22 divide t - (7/(-1) - -1)?
False
Suppose -20*l + 1919 = -861. Does 21 divide l?
False
Let o(p) = 66*p. Suppose 5*d - 10*d = 2*v - 25, 0 = -2*d + 2. Is 33 a factor of o(v)?
True
Let t(p) = -3*p**3 - 244*p**2 + 81*p + 923. Does 2 divide t(-82)?
False
Let l(i) = -47*i + 372. Let c be l(25). Let h = 1321 + c. Is h a multiple of 5?
False
Suppose -4*g + 4*o + 8 = 0, -2*g - o + 13 = -0*g. Suppose g*x + m - 354 = 26, 0 = 3*x + 2*m - 228. Does 19 divide x?
True
Let m = 181 + -91. Let u = 1574 + -1567. Suppose u*q = 4*q + m. Is 4 a factor of q?
False
Suppose -7*d - 1322 = -5*s, -3*d - 1986 = -5*s - 668. Is s a multiple of 2?
False
Let k be 4/10 + 0 - (-33572)/(-55). Let z = 1288 + k. Is 10 a factor of z?
False
Suppose -3*g - 33040 = -3*z - 165076, -176066 = -4*g - 5*z. Is 22 a factor of g?
False
Let z(n) = -135*n + 88. Let u be ((-28)/84)/(1/9). Does 29 divide z(u)?
True
Let l = -17614 + 45974. Is 20 a factor of l?
True
Let q(o) = -o**2 - 8*o + 12. Let a be q(-10). Let l be a*((-35)/10 + 3). Let i(w) = 3*w**3 - 4*w**2 - 3*w + 17. Does 19 divide i(l)?
True
Is 4 a factor of 49/((-784)/(-10368)) + -16?
True
Let z(c) = 16*c**3 + c**2 + 4*c - 11. Let g be z(3). Let k = g - 260. Does 14 divide k?
True
Suppose 0 = -42*o + 406137 + 182241. Is o a multiple of 45?
False
Let j(n) = -282*n**3 - n**2 + 3*n + 2. Let f be j(-1). Let h = f - 236. Is h even?
True
Let l be ((-30)/25)/(3/(45/6)). Let b be l*(-1)/(-3) - -3. Suppose -t + 83 = k, -t - b*k = 2*k - 92. Does 20 divide t?
True
Is 11 a factor of 77/42*-2*-519?
True
Let b be 1*(-20)/(-5 - -1). Is 1/b - (1734/(-30) - -5) a multiple of 14?
False
Let u = 45 - -24. Let n = 111 - u. Does 4 divide n?
False
Let x(b) = -1. Let t(z) = z**2 + 3*z - 1. Let k(u) = t(u) + x(u). Let j be k(-9). Let m = j - 13. Does 3 divide m?
True
Let q(s) = -7*s**3 - 5*s**2 - 9*s + 1. Suppose -88*j = -81*j + 21. Does 9 divide q(j)?
False
Let g be -5 + (-13 - 844)*(0 - -1). Let h = 1390 + g. Is 8 a factor of h?
True
Let c(h) = h**3 - 18*h**2 + 3*h - 42. Let v be c(18). Suppose -19*r + 22*r = -v, r - 296 = -5*u. Is 2 a factor of u?
True
Suppose 4*r + 12*f - 24 = 16*f, 8 = 2*f. Does 26 divide ((-140)/21)/r + (-970)/(-6)?
False
Suppose 6 = r - 2*q - q, q = -3*r - 2. Suppose 920 = 4*l + 2*p - 4*p, r = 4*p. Is l a multiple of 23?
True
Let z(g) = -2*g**3 - 41*g**2 - 20*g - 92. Does 21 divide z(-22)?
False
Suppose -28*p - 2185 = -33*p. Suppose -m + 9*s = 8*s - p, -s + 1773 = 4*m. Does 26 divide m?
True
Let w(n) = -10*n**2 + 308*n - 766. Let k(s) = 2*s**2 - 61*s + 153. Let c(q) = -11*k(q) - 2*w(q). Is c(23) a multiple of 4?
True
Let s = -25 + 30. Suppose 5*a - t = 19, -3*a - 23 = -4*a + s*t. Does 38 divide 4/a - -1132*3/18?
True
Is ((-9)/(-12))/((-3)/(-8)) - (37 + -12383) a multiple of 252?
True
Let l(w) = -w**2 - 11*w + 4. Suppose -5*c - 50 = -q, -5*c = -2*q + 38 + 7. Let n be l(c). Suppose 720 = n*o + 2*o. Is 10 a factor of o?
True
Let w(p) = p**2 - 2*p. Let d be w(-2). Let a(i) = -i**3 + 7*i**2 + 10*i + 2. Is 3 a factor of a(d)?
True
Suppose -21*q + 1924 = 13*q + 3*q. Does 4 divide q?
True
Let u = -60 + 544. Suppose u = 20*o - 18*o. Let i = -25 + o. Does 31 divide i?
True
Suppose 179*p - q = 181*p - 22138, -5*p + 4*q + 55306 = 0. Is 21 a factor of p?
False
Let s = 6805 - -13113. Does 32 divide s?
False
Let s(o) = 13*o**2 + 6*o - 4. Let p be s(1). Is (1870/p)/((-4)/(-6)) a multiple of 13?
False
Let m = -36 - -39. Suppose -3*v = -3*c + 1176, 2*c - 1010 = -m*v - 221. Is 29 a factor of c?
False
Let i = 86 - 86. Let s(w) = -w**2 + 3*w - 2. Let d be s(i). Does 25 divide 28 + d - 8/8?
True
Let w(k) = -34*k - 14. Let u be ((-6)/(-5))/(8/(-40)). Let q be w(u). Suppose q = 11*i - 129. Is i a multiple of 3?
False
Let p be 8 - (-3 + 4 + 4). Let l(w) = w**3 + 2*w**2 + 3*w - 16. Is 7 a factor of l(p)?
False
Let p(c) = c**3 - 8*c**2 + 2*c - 11. Let o = -89 - -97. Let i be p(o). Suppose -3*v + i*m + 114 = 0, 4*v + 5 = 3*m + 168. Is v a multiple of 5?
False
Suppose -2*p + 5*d = 3*p - 20, 3*d = -2*p + 18. Let s(b) = 8*b - 7. Let u be s(p). Let g = -24 + u. Is 13 a factor of g?
False
Let c = 90 - 126. Let d = c + 39. Does 8 divide 33 - -3 - (-1 - d)?
True
Suppose 2*i - 7 = -1. Let q = -3 - i. Does 14 divide (-112)/q*6/4?
True
Let y(c) = -6*c + 1. Let p be y(-2). Suppose 0 = -3*h + 19*h. Suppose h = 6*j - 229 + p. Is 9 a factor of j?
True
Let p(f) be the third derivative of f**6/180 - f**5/6 + f**4/12 - 43*f**3/6 + 43*f**2. Let h(c) be the first derivative of p(c). Is 16 a factor of h(11)?
False
Let w(l) be the second derivative of 35*l**4/12 - 2*l**3/3 - l**2/2 - 4*l. Let k be w(2). Let b = k + -37. Is 17 a factor of b?
False
Let r(b) = b - 20*b**2 - 8*b**2 + 16 - 29 + 12. Let z be r(1). Is 16 a factor of -258*(z/(-70))/((-6)/5)?
False
Let r(b) = b - 1. Let n(w) = 10*w**2 - w - 1. Let k(a) = n(a) - 6*r(a). Is k(2) a multiple of 10?
False
Suppose 3*a + 3*y - 5 = 10, -2*y + 8 = a. Suppose p = 2*f - 3474, -2*f + 5*f = a*p + 5209. Is 18 a factor of f/9 + -2*3/27?
False
Suppose 2*c + 8 = 0, -5*r - 13 = -5*c - 68. Let h(j) = j + 3*j + 4*j - r*j + 13. Is 3 a factor of h(-7)?
True
Let n = -508 - -528. Let b = -25 + -2. Let a = n - b. Is a a multiple of 12?
False
Suppose -3*k = d - 3145, 4*k + 121*d = 120*d + 4195. Does 21 divide k?
True
Let n be 5*24/100*(-1165)/(-2). Suppose 0 = 4*m - 897 - n. Is m a multiple of 30?
False
Let g(b) be the third derivative of -87*b**6/40 + b**5/15 + 5*b**4/24 + b**3/6 - 93*b**2. Does 9 divide g(-1)?
True
Let u(x) = 7*x**2 + 29*x + 2230. Does 10 divide u(-30)?
True
Suppose -4*c + 22742 = 3*y + 3765, -4*c = 5*y - 31631. Is 164 a factor of y?
False
Is 41708/5 - (-65)/((-4875)/(-30)) a multiple of 57?
False
Let r be ((-174)/24 + 7)*24/3. Is (-36)/(-45)*(r + 1 + 316) a multiple of 18?
True
Suppose -7*a = l - 2*a - 19, 4*l - 4*a + 20 = 0. Does 25 divide (l - -3 - 3)*-181?
False
Suppose -4*d + 9*d = -2*z + 62, 4*d - 3*z - 45 = 0. Let l = d - -175. Is l a multiple of 11?
True
Let m(f) = f. Let z(n) = -4*n**2 - 16*n + 10. Let t(x) = 10*m(x) + z(x). Let y be t(-5). Is 7 a factor of y/(-3) + -3 + (3 - -2)?
False
Let g(f) = f**3 + 6*f**2 - 8*f - 9. Let v be g(-7). Is v/6*(2 - -9)*-3 even?
False
Suppose 0 = 2*y + 2*z - 2158, -5*y + 5403 = -743*z + 740*z. Does 90 divide y?
True
Let m(b) = 3*b**2 - 36*b + 88. Does 3 divide m(34)?
False
Suppose -27*d + 29152 - 1990 = 0. Suppose 0 = -5*s + 1789 + d. Does 22 divide s?
False
Let d(p) = 68*p - 3. Let i be d(3). Let n be (1 - 133/119) + (-265)/(-85). Suppose n*w + 78 = i. Does 7 divide w?
False
Let f(i) = i**3 - i**2 + 1. Let j be f(2). Suppose -j*s - 25 = -v + 38, 0 = 4*v - s - 309. Let d = v + -42. Is d a multiple of 12?
True
Suppose -5*b - r - 47 = 0, -5*b - 59 = -r - 2*r. Let w = -13577 - -13620. Let i = b + w. Is i a multiple of 5?
False
Let j(x) = -2 - 2*x - 5*x - 10 - 9. Suppose -201 = 27*v + 42. Is j(v) a multiple of 21?
True
Suppose -86*f = -108603 - 4573. Is f even?
True
Let o = -8003 - 153. Let r be 4/(-14) + 3*o/(-84). Suppose 0 = 3*v - 69 - r. Is 12 a factor of v?
True
Suppose 0 = a + 3*n - 2800, 0*a = -2*a + 4*n + 5580. Is 12 a factor of a?
False
Let t = -696 - -677. Let i(l) = -43*l + 126. Is 18 a factor of i(t)?
False
Suppose -4*a - 5*c + 3 = 0, -11*c - 2 = -9*c. Suppose 4*f + 588 = -a*f. Does 12 divide (-2 + 30/(-21))/(4/f)?
True
Let l = 28067 - 8147. Is 60 a factor of l?
True
Suppose 25*h = 36*h - 220. Suppose h*u - 1919 = 3081. Is 25 a factor of u?
True
Let k(b) = 2*b**2 - 8*b - 16. Let y(j) = 8*j**2 - 40*j - 78. Let a(v) = 14*k(v) - 3*y(v). Suppose 10 = w + o, 4 = -2*w + o + 9. Does 25 divide a(w)?
True
Suppose 5191 = s - 2*w + 1077, 12332 = 3*s - 4*w. Does 76 divide s?
True
Suppose 0 = 3*f + 3*m - 8967, 5*f + m = 4*m + 14897. Is f a multiple of 5?
False
Let h = -15 + 125. Let a = h - 65. Is a + 1 - (3 - 5) a multiple of 6?
True
Suppose 67*f = 63*f. Suppose 112 = -3*k + 4*p - 97, f = -4*k - 4*p - 288. Let a = k - -118. Does 5 divide a?
False
Suppose -5*i = 5*b - 10,